)
13
Calculate -8 + (-3 - (6 + -6) - (-29 - -5)).
13
Calculate -4 + (-6 - -14) + -3 - -5.
6
Calculate (-11 - -1 - (50 - 61)) + (1 - 11).
-9
What is 0 - 26 - -43 - -7?
24
What is the value of (-5 - (19 - -9)) + 41?
8
What is the value of -30 - (19 + 12 + -39)?
-22
What is -10 - -19 - -2 - (-11 + 11)?
11
What is the value of 4 + -7 + -7 + (6 - 1) + 2?
-3
Evaluate -13 + (-1 - (-5 + 3 - 0 - 4)).
-8
10 + -17 + (-6 - 8)
-21
What is the value of 5 - -1 - (-13 + -27 + 36)?
10
Evaluate (21 + 30 - 33) + (12 - 1) - -1.
30
What is -8 - -5 - -8 - (8 + -7)?
4
Calculate -28 + 66 + 6 + -26.
18
What is 27 + -33 + -3 - (-3 + 0)?
-6
What is (306 - 314) + (2 - (9 - -2))?
-17
What is 9 - (-4 + 26) - (11 + -5)?
-19
Calculate -2 + (14 - (2 + -7 + (-7 - -10))).
14
Calculate -8 + 12 + 8 + -19.
-7
Evaluate 3 + 11 - (-15 + (9 - -2)).
18
Evaluate 1046 - 1055 - (2 - (8 + 2)).
-1
Calculate -6 + 27 + -52 + 19.
-12
What is 19 + (-44 + 34 - 3)?
6
Evaluate 24 + 3 + (4 - (10 - (5 + 7))).
33
Calculate -473 + 478 - (-1 + (8 - 0)).
-2
6 + (-55 - -39 - 10)
-20
What is the value of (21 - -6) + (-6 - 7)?
14
Calculate -18 - (-57 + -4 + 24).
19
Calculate 6 - (0 + 12) - -7 - (-80 - -43).
38
What is 43 + (-35 - -1) + 11?
20
What is 12 + (-8 + (5 - -8) - (2 - -3))?
12
Calculate 4 + -33 + 9 + (-13 - (-9 - -3)).
-27
What is 18 - (-87 + 106 + (-2 - -2))?
-1
What is 52 + -40 + 16 - 6?
22
-23 - (-1 + 9 + -35)
4
What is -15 + (-13 - -19) + 8?
-1
What is 28 + -31 + 21 + -4 + 18?
32
Calculate 8 + 0 + -15 + 14 + -36 + 5.
-24
What is (12 - (-15 - (20 - 26))) + 19?
40
What is the value of -5 - 1 - (-9 + 2 - (0 - 7))?
-6
Calculate 3 + -2 + -11 + (154 - 158).
-14
What is the value of (-5 - (-53 - -8)) + (7 - 20)?
27
What is -48 - -38 - (4 - (11 - -4))?
1
11 + -19 + 24 + -7
9
What is 14 + -30 - -1 - (-17 + 32)?
-30
What is the value of -47 + 22 + (8 - -18)?
1
(33 - 46) + (-2 - -12)
-3
What is the value of (2 + -4 - -2 - (3 - -1)) + 4?
0
Calculate -6 - (4 - (8 + -3)).
-5
Evaluate 2 + (-20 - (-1 + -11)).
-6
What is 23 + (22 - 23) - (-3 - (-2 - 2))?
21
What is the value of (1 - 4) + (6 - 22) + 11?
-8
8 + (-6 - (-6 + 3)) + -13
-8
What is the value of -47 + 61 - (25 + -19)?
8
What is the value of 11 + (-12 - (9 - (-2 + 18)))?
6
Evaluate 5 - (4 - ((-2 - -14) + -8)) - 25.
-20
Calculate 7 + 2 - (20 + (-18 - -9)).
-2
Calculate 3 + -3 + -25 - (-2 - 9).
-14
Calculate 5 + (9 - 16) - 6 - -1.
-7
Evaluate 18 + 11 + -24 + -10.
-5
Calculate 15 - (4 - (-5 - -1 - 0)).
7
Evaluate 3 + (2 - (-29 + 5)) + (19 - 29).
19
Evaluate -5 + (0 - (-9 - -5)) + (0 - -3).
2
Evaluate (-3 - (-3 - -7)) + (-14 - -17) - -9.
5
Evaluate -26 + (-5 - (-3 + 10) - -12).
-26
What is the value of -20 - (-22 - -40) - (-19 + 9)?
-28
Evaluate 31 - (45 - 20) - 2.
4
What is the value of (2 - (-3 - -1) - (107 - 116)) + -9?
4
15 - (22 + -42) - 57
-22
Calculate -3 - (-4 + 1 - 4 - (-3 + 1)).
2
Calculate -3 + 4 + -3 + 7 + 10.
15
What is the value of -3 + (-9 - -4) + (9 - -2)?
3
(-5 + -3 - 6) + 3
-11
What is 8 + -28 + (23 - 4)?
-1
What is the value of -5 + 1 - (-3 + -4 - 0)?
3
What is 1 + (29 - 20) - 33?
-23
What is 38 - (30 + -14 - -8)?
14
Evaluate 2 + 8 + 8 + -6.
12
Calculate -9 + 4 + -1 + 25 + 12 + -36.
-5
93 - 37 - 30 - 12
14
What is the value of (0 - (-4 + 2)) + (-30 - (12 - 30))?
-10
What is (9 - -1) + -142 + 128?
-4
1 - 14 - (1 - 13 - (3 - 15))
-13
What is 4 + -2 + 32 + -46 + -4 + 4?
-12
What is the value of -1 - 1 - (23 - (0 - -22))?
-3
Evaluate -12 + 41 - 50 - -44.
23
What is the value of -15 - (-4 - (15 - 1))?
3
-14 + -4 + 11 + (10 - 0) - 17
-14
What is the value of (41 + -35 - (1 - 0)) + -10?
-5
What is the value of -28 + 32 + (-1 - -5 - -1)?
9
Calculate 2 - (-7 - (-14 - 1)).
-6
What is the value of (-25 + 19 - -4) + (1 - (-2 - 2))?
3
(-18 - 18) + (7 + 1 - 1 - 0)
-29
What is the value of -39 - (-17 - 9) - -39?
26
Evaluate 3 - (-5 + -2 + (-5 + 16 - 11)).
10
(1 - (-8 + (29 - 10))) + -6 + 3
-13
What is 28 - 1 - (130 + -110)?
7
(-17 - 2) + (-12 - -29)
-2
What is (-4 + -2 - ((35 - 12) + -8)) + 3?
-18
9 + (-6 + -1 + 2 + 4 - 5)
3
Calculate (-27 - (-46 - -29)) + -19.
-29
(-1 - -2) + -27 + 24
-2
What is -35 + (26 - 8) + 3 + 0?
-14
Calculate -14 + (11 - 2) - 5 - -23.
13
Evaluate -6 + 1 + -5 + -28 + 21.
-17
5 - (3 + -1) - (300 - 291)
-6
-13 + 0 + 0 + 11 + (-1 - 5)
-8
-46 + (-18 - 10 - -59)
-15
What is (-31 - (-5 + -23)) + 0 + -4?
-7
What is -3 + 8 + (-9 - (8 - 2) - -6)?
-4
What is 1 - (-3 - 2) - (7 - (3 - 15))?
-13
What is the value of (-2 - -4) + 5 + 14 + -3?
18
What is the value of -121 + 115 + (15 - 2)?
7
What is (8 - -2) + 14 + -25?
-1
What is (32 - 37 - (1 + -1)) + 10 + -1?
4
What is 18 + -29 + 24 + -23?
-10
What is the value of 7 - (-4 + 17) - -8 - (3 - 6)?
5
What is the value of -1 + -10 + (-495 - -506)?
0
-79 + 108 + (-39 - 12)
-22
What is -2 + 66 + -30 + -7 + -2?
25
Calculate -20 + -1 + (305 - 277).
7
What is (-1 - 4) + 9 + -7 + -4 + -2?
-9
What is the value of (-16 + 9 - (-15 + 0)) + 0?
8
-37 + 23 - (3 - 8)
-9
Calculate -7 - ((11 - (14 + -10) - 10) + -9).
5
15 + -21 - (6 + -7 - -15)
-20
Evaluate -22 - -31 - (-11 - -2).
18
Calculate (5 - 4) + (11 - (0 - -3)) + -3.
6
Calculate (-5 - (-4 - -20)) + -3 + (0 - -1).
-23
Calculate -4 + (0 - -2 - (5 + 12 + -7)).
-12
Calculate -785 + 791 + (-13 - 0).
-7
What is the value of -9 + (-9 - -10 - 6) + -1?
-15
Calculate -12 + 12 - 8 - -5.
-3
47 + -63 - (-29 + 0)
13
What is (0 - 6 - -1) + -617 + 628?
6
5 - (-8 - -23) - (5 + 3)
-18
What is the value of 0 - -20 - (5 - 0 - -3)?
12
Evaluate 0 + 28 - (649 - 627).
6
Evaluate 17 + -8 + -9 + (-9 - (0 + 0)).
-9
-8 + 3 - (-2 - (12 + -15 + -5))
-11
Evaluate -12 + (-5 + 21 - (-11 - -5)).
10
What is -23 + 15 + 11 + (0 - 5)?
-2
What is -39 + -7 + -5 + 15 + 13 + -7?
-30
What is -1 + 14 + -20 + 2?
-5
What is (-7 - 2) + -30 + 34 - (-11 + 1)?
5
What is (-11 - -23) + -2 + 5 + -5?
10
0 + (1 - 3) + (33 - 38)
-7
Calculate (-12 - -2) + 2 + (4 - 1) + -8.
-13
What is -4 - 2 - (7 - (-15 + 8 + 9))?
-11
Evaluate (55 + -26 - 20) + (-1 - -6).
14
Calculate -9 - (3 - 3 - (-7 - -16)).
0
What is -1 + 2 + -21 + (33 - 17 - 9)?
-13
Calculate (319 - 331) + (-2 - (7 + 2)).
-23
Evaluate -16 - 27 - -6 - -8.
-29
What is 5 + (-24 - (-12 + 2)) + -5?
-14
1 + -22 - (6 - (-10 + 21 - -3))
-13
20 + 7 - -5 - (8 + -1)
25
-4 - 8 - (19 + -39)
8
Calculate -21 - ((16 - 31) + -31).
25
-22 + 12 - (-45 - -28)
7
What is 10 - (7 + (11 + -2 - 8))?
2
Calculate 28 - (-9 - -14 - (9 + -16)).
16
What is 0 + 15 + 3 + -12 + 4?
10
What is the value of 34 - (12 + -3 + (-15 - (-9 + -4)))?
27
Calculate -1 - -4 - (36 + -44 - -4).
7
What is the value of 1 - -1 - (16 - 15 - -9)?
-8
Calculate (3 - (-2 + 2 + 2)) + -3.
-2
2 - (-31 + 57 - -6)
-30
What is -8 + (8 - 7) - (-3 + 7 + 2)?
-13
Evaluate 9 - ((-2 - 3) + 26).
-12
What is -7 + (2 - 2) + (-574 - -563)?
-18
What is the value of -9 - (-9 + (-6 + 12 - -1))?
-7
Calculate (-63 - -90) + 0 + -2 + -11.
14
What is the value of 17 + -15 + 9 + -8 + -1?
2
Evaluate -1 + 3 - (4 - -1).
-3
Calculate -11 - -15 - 0 - 11 - 6.
-13
Calculate -31 + (11 - (-33 + 6)).
7
99 + -123 + (-7 - -2 - -1) + -2
-30
What is 22 - (-6 - -8 - (-2 - -6 - 10))?
14
Calculate 7 - (-6 - (0 - (1 - (4 - 2)))).
14
Evaluate 0 + (1 - -4) - (40 - (-1 + 23)).
-13
Evaluate 7 - (16 - (15 - 6)) - 10.
-10
-2 + -6 + 7 + (-3 - -6)
2
Calculate (9 - (12 + -8 + 11)) + -6.
-12
15 + 34 + -23 - 15
11
Evaluate (11 - -4) + -60 + 47 + -4 + -2.
-4
What is 11 - (-18 + -1 + 28)?
2
2 + -6 - ((6 - 11) + 5) - -6
2
Evaluate (-1 - -13) + 5 + -2 + -4 + -6.
5
(14 - 0) + 22 + 1 + -38
-1
What is the value of (-1 - 31) + (326 - 303)?
-9
What is the value of ((1 - -5) + (36 - 35) - -7) + 5?
19
Evaluate (-5 + 10 - 7) + (3 - 7) + -3.
-9
(-4 - (-1 + 0)) + (64 - 68) + 23
16
What is (-13 + 10 - -14) + -50 - -13?
-26
Evaluate -15 + 19 + -20 + (5 - 21).
-32
What is the value of (-9 - (-7 - 3)) + -3 - 9?
-11
What is -14 + 35 + -3 + -21?
-3
What is 3 + 2 - (8 - (-9 - (6 - 11)))?
-7
Calculate -3 - ((9 - 17) + 8 - -1).
-4
Evaluate -20 + 14 + -2 - 2.
-10
What is the value of 8 + -7 + 11 + 3?
15
Evaluate 0 + (0 - -10 - (5 + 20)).
-15
Calculate 11 + (-4 - -2 - (5 - 7)).
11
What is the value of (1 - -9) + 0 - (-8 + -24 + 39)?
3
Calculate 2 + -9 + (-13 + 30 - 13 - 3).
-6
Calculate -2 + 19 + -14 - -9.
12
11 + 8 + -16 + -15
-12
Calculate 0 + (3 + -3 - 2) - (-5 - -12).
-9
What is th